{"id":35,"date":"2025-09-14T17:44:23","date_gmt":"2025-09-14T17:44:23","guid":{"rendered":"https:\/\/sarinaeichin.ch\/?page_id=35"},"modified":"2025-11-19T20:57:12","modified_gmt":"2025-11-19T19:57:12","slug":"philosophie","status":"publish","type":"page","link":"https:\/\/sarinaeichin.ch\/index.php\/philosophie\/","title":{"rendered":"Philosophie"},"content":{"rendered":"\t\t<div data-elementor-type=\"wp-page\" data-elementor-id=\"35\" class=\"elementor elementor-35\" data-elementor-post-type=\"page\">\n\t\t\t\t<div class=\"elementor-element elementor-element-6786030 e-flex e-con-boxed e-con e-parent\" data-id=\"6786030\" data-element_type=\"container\" data-e-type=\"container\" data-settings=\"{&quot;background_background&quot;:&quot;slideshow&quot;,&quot;background_slideshow_gallery&quot;:[{&quot;id&quot;:375,&quot;url&quot;:&quot;https:\\\/\\\/sarinaeichin.ch\\\/wp-content\\\/uploads\\\/2025\\\/10\\\/philo1.jpg&quot;}],&quot;background_slideshow_loop&quot;:&quot;yes&quot;,&quot;background_slideshow_slide_duration&quot;:5000,&quot;background_slideshow_slide_transition&quot;:&quot;fade&quot;,&quot;background_slideshow_transition_duration&quot;:500}\">\n\t\t\t\t\t<div class=\"e-con-inner\">\n\t\t\t\t<div class=\"elementor-element elementor-element-e073826 elementor-widget elementor-widget-text-editor\" data-id=\"e073826\" data-element_type=\"widget\" data-e-type=\"widget\" data-widget_type=\"text-editor.default\">\n\t\t\t\t\t\t\t\t\t<p>MEINE PHILOSOPHIE<\/p>\t\t\t\t\t\t\t\t<\/div>\n\t\t\t\t\t<\/div>\n\t\t\t\t<\/div>\n\t\t<div class=\"elementor-element elementor-element-df40e2b e-flex e-con-boxed e-con e-parent\" data-id=\"df40e2b\" data-element_type=\"container\" data-e-type=\"container\">\n\t\t\t\t\t<div class=\"e-con-inner\">\n\t\t\t\t<div class=\"elementor-element elementor-element-b4b1b21 elementor-widget elementor-widget-text-editor\" data-id=\"b4b1b21\" data-element_type=\"widget\" data-e-type=\"widget\" data-widget_type=\"text-editor.default\">\n\t\t\t\t\t\t\t\t\t<p>Die Lehre zur Bereiterin (Pferdefachfrau Klassisches Reiten) war meine zweite Lehre. Ich startete sehr ambitioniert und motiviert in die Pferdesportwelt und hatte das Gl\u00fcck, von vielen wunderbaren Pferden lernen zu k\u00f6nnen. W\u00e4hrend der Ausbildung wurde ich nach den heute \u00abklassischen\u00bb Ans\u00e4tzen unterrichtet und f\u00fcr eine Zeit lang waren diese f\u00fcr mich auch nicht zu widerlegen. Ich m\u00f6chte betonen, dass ich sehr vieles gelernt habe, das mich heute noch begleitet.<\/p><p>Von vielem aus der Pferdesportszene nehme ich heute bewusst Abstand. Ich habe viel Gewalt und Zwang, in der Dressur und im Springen, gesehen, gelehrt bekommen und auch selbst angewendet. Ich kann mich an Momente erinnern, als ich vom Pferd abgesessen bin, und mein Nacken verspannt war, weil ich beim Reiten mit der Hand st\u00e4ndig am Gegenhalten war. Auch konnte ich viele Pferde nicht ohne Reithandschuhe reiten, da sonst meine Finger wund wurden. Damals habe ich es mir auf verschiedene Weisen sch\u00f6ngeredet. Ich darf auch sagen, dass ich es einfach nicht besser gewusst habe und keine guten Vorbilder in meiner Umgebung hatte \u2013 leider. Ich bedaure das sehr. Heute ist f\u00fcr mich eine solche Reiterei unvorstellbar, egal mit welchem Pferd, und Reithandschuhe \u2013 die brauche ich nur noch im Winter. \ud83d\ude09<\/p><p>Niemand ist perfekt, wir machen alle Fehler und die meisten von uns wollen nur das Beste f\u00fcr ihre Pferde. Aber ich distanziere mich klar von der Klassischen Reitweise, wie sie heute durchschnittlich in den meisten Reitst\u00e4llen und vor allem auf dem Dressurviereck praktiziert wird und verneine den Gebrauch von Ausr\u00fcstung, die nur dazu dient, das Pferd gef\u00fcgig zu machen.<\/p>\t\t\t\t\t\t\t\t<\/div>\n\t\t\t\t<div class=\"elementor-element elementor-element-75a5a25 elementor-widget elementor-widget-image\" data-id=\"75a5a25\" data-element_type=\"widget\" data-e-type=\"widget\" data-widget_type=\"image.default\">\n\t\t\t\t\t\t\t\t\t\t\t\t\t\t\t<img fetchpriority=\"high\" decoding=\"async\" width=\"1920\" height=\"1080\" src=\"https:\/\/sarinaeichin.ch\/wp-content\/uploads\/2025\/10\/philo.jpg\" class=\"attachment-full size-full wp-image-374\" alt=\"\" srcset=\"https:\/\/sarinaeichin.ch\/wp-content\/uploads\/2025\/10\/philo.jpg 1920w, https:\/\/sarinaeichin.ch\/wp-content\/uploads\/2025\/10\/philo-300x169.jpg 300w, https:\/\/sarinaeichin.ch\/wp-content\/uploads\/2025\/10\/philo-1024x576.jpg 1024w, https:\/\/sarinaeichin.ch\/wp-content\/uploads\/2025\/10\/philo-768x432.jpg 768w, https:\/\/sarinaeichin.ch\/wp-content\/uploads\/2025\/10\/philo-1536x864.jpg 1536w\" sizes=\"(max-width: 1920px) 100vw, 1920px\" \/>\t\t\t\t\t\t\t\t\t\t\t\t\t\t\t<\/div>\n\t\t\t\t<div class=\"elementor-element elementor-element-92efc3a elementor-widget elementor-widget-text-editor\" data-id=\"92efc3a\" data-element_type=\"widget\" data-e-type=\"widget\" data-widget_type=\"text-editor.default\">\n\t\t\t\t\t\t\t\t\t<p>Was hat mich zum Umdenken bewogen?<\/p><p>Erstens war es mein eigenes Pferd Laslo. Er geh\u00f6rt eher der gem\u00fctlicheren Sorte an und bereits ab gewissen Lektionen auf Stufe L war ich gef\u00fchlt nur noch am Treiben und Laslo st\u00fctzte sich am Z\u00fcgel ab und lief auf der Vorhand. Immer wieder hallten in mir die Worte, die ich in der Berufsschule gelesen hatte, nach. <strong>\u00abDie Anlehnung soll so leicht wie das Gewicht der Z\u00fcgel sein.\u00bb <\/strong>Es d\u00e4mmerte mir, dass ich mit dieser Reitweise nicht zur Leichtigkeit finden w\u00fcrde.<\/p><p>Zweitens hatte ich dann einen schwereren Unfall mit einem jungen Pferd. Die Zeit der Genesung gab mir viel Raum zum Denken \u2013 und Umdenken. Als ich wieder reiten konnte, orientierte ich mich langsam, aber sicher um und Laslo diente als Versuchskaninchen.\u00a0<\/p><p>Heute bin ich sehr dankbar f\u00fcr diese Erfahrung, auch wenn der Weg oft sehr schwierig war. Ich habe noch lange nicht alles erreicht, was mir in meinen Traumbildern so vorschwebt. Aber st\u00e4ndiges Treiben, viel Gewicht in der Hand und Ausbindez\u00fcgel geh\u00f6ren definitiv der Vergangenheit an. Ich habe mich vor allem in der Hand- und Freiarbeit weitergebildet, die f\u00fcr mich heute als eines der wichtigsten Tools f\u00fcr eine ganzheitliche Pferdeausbildung gilt. Grosse Inspiration finde ich in der altklassischen Reitkunst und bei Reitmeisterinnen der Moderne wie z.B. Sonja Leitenstern, Anja Beran und Sonja Weber wie auch in der\u00a0Schule der L\u00e9g\u00e8ret\u00e9.<\/p><p>Meine Vision ist es, den Menschen die Sanftheit der Pferde n\u00e4her zu bringen und sie darin zu schulen, nur so wenig einzuwirken, wie es wirklich n\u00f6tig ist; und das ist meistens viel weniger, als wir denken. Pferde weit auszubilden macht sie auch optisch sch\u00f6ner und stolzer. Durch ein vielseitiges und sinnvolles Training, werden sie nicht nur mutiger und verl\u00e4sslicher, sondern auch ihre K\u00f6rperformen ver\u00e4ndern sich positiv. Ein korrekt trainiertes Pferd ist ebenfalls weniger anf\u00e4llig f\u00fcr Krankheiten und f\u00e4hig, das Reitergewicht bis ins hohe Alter zu tragen.<\/p><p>Willst auch du zu mehr Leichtigkeit im Training mit deinem Pferd finden? Findest du auch, feines Reiten macht nicht nur dir, sondern auch deinem Pferd mehr Spass?<\/p><p>Dann freue ich mich, wenn ich dir helfen kann. Ob in Einheiten der Boden-, Hand- oder Freiarbeit, Dressur- oder Springreitstunden oder Beritt f\u00fcr dein Pferd. Melde dich unverbindlich bei mir. Ich freue mich von dir und deinen Tr\u00e4umen zu h\u00f6ren.<\/p>\t\t\t\t\t\t\t\t<\/div>\n\t\t\t\t\t<\/div>\n\t\t\t\t<\/div>\n\t\t\t\t<\/div>\n\t\t","protected":false},"excerpt":{"rendered":"<p>MEINE PHILOSOPHIE Die Lehre zur Bereiterin (Pferdefachfrau Klassisches Reiten) war meine zweite Lehre. Ich startete sehr ambitioniert und motiviert in die Pferdesportwelt und hatte das Gl\u00fcck, von vielen wunderbaren Pferden lernen zu k\u00f6nnen. W\u00e4hrend der Ausbildung wurde ich nach den heute \u00abklassischen\u00bb Ans\u00e4tzen unterrichtet und f\u00fcr eine Zeit lang waren diese f\u00fcr mich auch nicht [&hellip;]<\/p>\n","protected":false},"author":1,"featured_media":0,"parent":0,"menu_order":0,"comment_status":"closed","ping_status":"closed","template":"","meta":{"footnotes":""},"class_list":["post-35","page","type-page","status-publish","hentry"],"_links":{"self":[{"href":"https:\/\/sarinaeichin.ch\/index.php\/wp-json\/wp\/v2\/pages\/35","targetHints":{"allow":["GET"]}}],"collection":[{"href":"https:\/\/sarinaeichin.ch\/index.php\/wp-json\/wp\/v2\/pages"}],"about":[{"href":"https:\/\/sarinaeichin.ch\/index.php\/wp-json\/wp\/v2\/types\/page"}],"author":[{"embeddable":true,"href":"https:\/\/sarinaeichin.ch\/index.php\/wp-json\/wp\/v2\/users\/1"}],"replies":[{"embeddable":true,"href":"https:\/\/sarinaeichin.ch\/index.php\/wp-json\/wp\/v2\/comments?post=35"}],"version-history":[{"count":28,"href":"https:\/\/sarinaeichin.ch\/index.php\/wp-json\/wp\/v2\/pages\/35\/revisions"}],"predecessor-version":[{"id":547,"href":"https:\/\/sarinaeichin.ch\/index.php\/wp-json\/wp\/v2\/pages\/35\/revisions\/547"}],"wp:attachment":[{"href":"https:\/\/sarinaeichin.ch\/index.php\/wp-json\/wp\/v2\/media?parent=35"}],"curies":[{"name":"wp","href":"https:\/\/api.w.org\/{rel}","templated":true}]}}